s) = 2*s - s + n + 6. What is b(z)?
2
Let r(g) be the first derivative of g**3/3 - 7*g**2/2 + 5*g - 48. Let m(y) = -y + 9. Let n be m(5). What is r(n)?
-7
Suppose h = -5*u + 3*h + 4, 1 = 2*u - h. Let g(n) = 0 - n + u - 5 + 2. Suppose 2*c + 0*c + 4 = 0. Give g(c).
1
Let d(r) = r + 7. Suppose 3*m + 2 = 29. Suppose 0 = m*w + 80 + 1. What is d(w)?
-2
Let n(t) be the third derivative of t**5/30 - 5*t**4/4 - t**3/6 - 6*t**2 - 66*t. What is n(15)?
-1
Suppose g = -7 + 20. Let f = g - 19. Let u = f + 5. Let j(q) = 6*q**2 + q. Give j(u).
5
Let c = 17 + -12. Let s = 47 + -43. Let q(f) = f**2 + 1 - 44*f + 40*f + s. Give q(c).
10
Let b(m) = -m**3 + 5*m**2 + 6*m - 6. Let z be 6/(4 - 3) + 0. Let l be b(z). Let y(j) be the second derivative of j**4/12 + 5*j**3/6 + j**2 + j. Give y(l).
8
Let u(y) be the first derivative of y**3/3 + 4*y**2 + 9*y - 54. Determine u(-6).
-3
Let o(w) = 8*w + 4. Let s be (-10)/4 + (-120)/80. What is o(s)?
-28
Let a(y) = 5*y**3 - 10*y**2 - 4*y - 27. Let k(u) = -6*u**3 + 11*u**2 + 6*u + 34. Let t(j) = -5*a(j) - 4*k(j). Suppose 0*q - 5*q + 25 = 0. What is t(q)?
4
Let p(q) = -4*q + 3. Let n(x) = -x**2 - 9*x - 17. Let v(y) = -3*y**2 - 27*y - 51. Let u(a) = 8*n(a) - 3*v(a). Let f be u(-4). Determine p(f).
15
Let r = 2 + -5. Suppose -2*g = -458 + 102. Let s(a) = 177*a + a**3 - 2 - g*a + 0*a**2 + 3*a**2. Determine s(r).
1
Suppose -5*c = 3*j - 21, -2 = -4*j - 2*c + 12. Let t be (-12)/2 - (15 - 14). Let p = t + j. Let l(k) = k**3 + 5*k**2 + 4*k + 5. Determine l(p).
-15
Let g(r) = r**3 + 6*r**2 + 6*r - 6. Let q = -1690 - -1684. Give g(q).
-42
Let d(v) = -v**2 - 8*v + 17. Let i be (-16)/(-6) + (-988)/78. Calculate d(i).
-3
Let h = -1298 - -1298. Let r(v) = -v + 2. Give r(h).
2
Let g = -76 - -86. Let q(i) = i**3 - 10*i**2 + 10. Give q(g).
10
Let u(i) = i**3 - 8*i**2 + 5*i - 5. Let l(k) = -k**2 + 15*k - 36. Let y be l(4). Determine u(y).
35
Let i(f) = -f**2 - 7*f - 6. Let s(c) = -c**2 - 21*c - 5. Let t(y) = -8*y + 11. Let n be t(4). Let j be s(n). Calculate i(j).
4
Let o(l) = l**2 - 14*l - 2. Let a be (1 + -4)/(3 - 225/70). Calculate o(a).
-2
Let q(u) = 9 - 1 + 2 + u + 2*u. Determine q(7).
31
Let n(i) = -3*i**2 + 6*i - 9. Let x(o) = -o**2 - 1. Let p(z) = -n(z) + 2*x(z). Let h be 6 + -5 + (-10)/(-2). What is p(h)?
7
Let a(m) be the first derivative of -m**3/3 - m**2/2 - 19*m - 503. What is a(0)?
-19
Let k(p) = 4*p**2 + 2*p - 2. Let n(x) = 28*x - 782. Let v be n(28). Give k(v).
18
Let b be (-2)/(-14) - 22/7. Let m(k) be the first derivative of 1/3*k**3 - 2*k + 1/2*k**2 - 25. Determine m(b).
4
Let x(j) = -3*j**3 + j**2. Let a be x(1). Let z(t) be the third derivative of t**5/30 - t**4/12 - t**3/6 - t**2 + 119. Determine z(a).
11
Let o(w) = -w**2 + 8*w - 3. Let a = -1 + -6. Let m be 1*-11 - (31 - 54). Let u = a + m. Determine o(u).
12
Let n be (10/3)/(40/60). Let q(b) = n*b - b + b. Determine q(-1).
-5
Let o be 8/(3 + -1)*3/6. Let t(k) = k**3 - 3*k**2 - 2. Determine t(o).
-6
Let p(z) = -3*z - 7*z + z**3 - 5 + 3*z - 4*z**2 + 9*z**2. Calculate p(-6).
1
Suppose -5*o = -63 + 53, 3*o - 30 = -3*b. Let y(c) be the third derivative of -c**4/24 + 3*c**3/2 + c**2. Give y(b).
1
Let y(n) = -7*n - 14. Let o(b) = 9*b + 16. Let g(w) = -4*o(w) - 5*y(w). Give g(9).
-3
Let p(h) = 2*h**2 - 4*h - 8. Let q be p(-4). Let i be -4*(-5)/(q/6). Let y(x) = -x**3 + 4 + i*x - 5*x**2 + 2*x + 0*x**3. What is y(-6)?
10
Let c(m) be the third derivative of m**5/60 + m**4/3 + 3*m**3/2 + 2*m**2. Suppose 146 = 4*v + 54. Let j = -29 + v. Calculate c(j).
-3
Let h(i) be the third derivative of -i**6/120 - 7*i**5/60 + i**4/24 + 3*i**3/2 - 12*i**2. Let z be 2 - (-2 - (3 - 16)). Let k = 2 + z. Determine h(k).
2
Let y(m) be the third derivative of -m**6/60 + m**5/15 + m**4/12 - 2*m**3/3 - 362*m**2. Determine y(3).
-16
Let s(m) = -m**2 - 2*m + 6. Let k(r) = -2*r**2 + 7*r - 5. Let x be k(4). Let t(d) = -d + 16. Let a be t(12). Let o = a + x. Determine s(o).
-9
Let l(f) = f**3 + f - 10. Suppose -17*t + 14 = 14. Give l(t).
-10
Let w(a) = -a**2 + 13*a - 21. Let o = 1065 - 1055. What is w(o)?
9
Let j = 2 - 3. Let y be (-8)/44 + 272/44. Let h(m) = y - 5 - 472*m**3 + m**2 + 476*m**3 + 2*m. Give h(j).
-4
Let q(l) = l + 6. Let o be q(-3). Let n be (-18)/(0 + o) - -4. Let b be 4 + 4 + 4*n. Let m(c) = c**2. What is m(b)?
0
Let b(z) be the second derivative of -z**3/2 - 2*z**2 - 5*z. Let t(m) = 4*m + 5. Let k(d) = -5*b(d) - 4*t(d). Determine k(-4).
4
Let h(d) = d**3 + 10*d**2 + 12*d - 3. Let y(i) = i**3 + 9*i**2 + 12*i - 3. Let u(m) = 3*h(m) - 2*y(m). What is u(-11)?
-14
Let j(f) = 4*f**2. Let c(q) = 7*q**2 + q - 1. Let y(o) = 3*c(o) - 5*j(o). Let v(x) = 13 + 12 + 3 - 4 + 4*x. Let m be v(-7). What is y(m)?
1
Let o = -3 + 2. Let g(c) = 635*c + 9 - 9 - 632*c. Give g(o).
-3
Let i(f) = -f**2 - 6. Let d(y) = y + 1. Let m be d(6). Suppose 0 = -46*q + 41*q. Suppose q = 2*n - m*n. Give i(n).
-6
Let r(z) be the first derivative of -z**4/4 + 14*z**3/3 + z**2/2 - 22*z - 331. What is r(14)?
-8
Let x(c) = -c + 11 + 21 - 71 + 12 + 21. Give x(8).
-14
Let w(a) be the third derivative of 7*a**5/60 - a**3/6 + 63*a**2. Calculate w(-1).
6
Let m(p) be the third derivative of 16*p**2 + 5/3*p**3 - 1/24*p**4 + 0*p + 0. Determine m(6).
4
Let y(o) = -o**2 - o - 7*o**2 + 8*o**2 - o**2 - 4*o**3. Let b be y(-1). Suppose 3*r - 2*r - 3*v = 14, 0 = -b*r - 2*v. Let m(s) = -2*s + 2. Calculate m(r).
-2
Let r be ((-1)/(-2))/(1/(-2)). Let c(s) = 2*s**3 + 3*s + 2. What is c(r)?
-3
Suppose -5*o - 4 - 6 = 0. Let c be (-1)/o*2*0. Let x be (-2 - c - -1)*-1. Let h(y) = -8*y + 1. Calculate h(x).
-7
Let y(k) = -3*k. Let d(v) = -7*v - 20. Let a be d(-3). Give y(a).
-3
Let b(x) = -7*x**2 - 2*x + 3 - 3*x + 4*x**2 + 2*x**2. Give b(3).
-21
Let r = -123 + 117. Let x(v) be the first derivative of v**3/3 + 9*v**2/2 + v - 2. Let u(w) be the first derivative of x(w). Calculate u(r).
-3
Let v(j) = j**2 - 3*j - 1. Let s be 5/3 - 7/(-21). Let r(t) = 0*t**2 + 3*t - 4 - t**s + 0 + 6. Let z be r(3). What is v(z)?
-3
Let j(a) = 4*a + 2*a**2 + 3 - 5*a + 7*a**2 - 4. Suppose -p + 2 = -3*p. Give j(p).
9
Let l be 8/5*(-25)/2. Let p be (l/(-6))/((-54)/81). Let o(r) = r**3 + 4*r**2 - 3*r + 3. Determine o(p).
-7
Let c(x) be the first derivative of 9*x**2/2 + 67*x + 350. Determine c(-8).
-5
Let o(d) = d**3 + d**2 - 2. Let a(p) = -17*p**3 + 6*p**2 - p - 8. Let y(j) = -a(j) + 4*o(j). Calculate y(1).
20
Let v(n) = 13*n**2 + n + 1. Let j(d) = 8*d - 14. Let w be j(13). Let x = w + -91. Give v(x).
13
Let a = 454 - 455. Let q(x) = 42*x. Calculate q(a).
-42
Let m(z) = -z - 6. Suppose 5*t = 2*t - 5*i - 31, -t + i - 5 = 0. Determine m(t).
1
Let w(z) = -z - 36 - 46 - 41 + 127. Calculate w(-3).
7
Let d(x) be the second derivative of x**4/12 + 4*x**3/3 + 3*x**2 - 60*x. What is d(-6)?
-6
Let x(a) = -8*a - 4. Let z(i) = -19*i - 9. Let o(l) = 5*x(l) - 2*z(l). Give o(7).
-16
Let y(j) = -3 + 9*j**3 - 10*j**3 + 152*j**2 - 156*j**2 - 4*j. Determine y(-4).
13
Let v(u) = -u**2 + 7*u + 4. Suppose 3*t = 3, -5*t - 14 = 3*i - t. Let g be (0 + -1)*(i + (2 - 4)). Give v(g).
-4
Let p = -5 + 7. Let l(m) = -8*m + 0*m**2 + 4*m**2 - 4 + 0*m**2 - 5*m**p. Calculate l(-7).
3
Let v be 56/(-10)*(-10)/4. Let q = v + -13. Let t(p) = q + 0 - 8*p - 4*p**2 + 5 + p**3 + 0*p**3. Calculate t(5).
-9
Let d(i) = -1243*i + 5. Let x be d(0). Let m(v) be the second derivative of -v**4/12 + 5*v**3/6 - 5*v**2/2 - v. Determine m(x).
-5
Let z(y) = -y**3 - 4*y**2 - 3*y - 3. Let d = 5 + -5. Suppose 0 = -d*l - l - 4. Determine z(l).
9
Let k(d) = d - 14. Let s(l) be the first derivative of -2*l**3/3 - 13*l**2/2 - 13*l + 26. Let f be s(-4). What is k(f)?
-7
Let n(x) = -15*x + 9. Let v(m) = 7*m - 4. Let j(t) = -6*n(t) - 13*v(t). Let b(f) = -f**3 - 6*f**2 + 7*f - 2. Let y be b(-7). Let s be -1 - -2*(-1)/y. Give j(s).
-2
Let v(h) = 2*h + 201 + h**3 - 5*h - h**2 + 2*h - 174. Give v(0).
27
Let v(t) = t**3 - 23*t**2 + 21*t + 20. Let u be 40/2 + (-14 - -16). Calculate v(u).
-2
Let t(r) = -7*r**2 + 6*r**2 + 5 - 44*r + 43*r. Give t(6).
-37
Let z(r) = -2*r + 12. Suppose -13*n = -2 - 37. Give z(n).
6
Let r be (3 - 7) + 2 - (-8)/2. Let d(v) = 2*v + 5. Give d(r).
9
Let m(k) = -2*k - 1. Suppose -r = s + 61, 4*r + 46 = 4*s + 274. Let p = 61 + s. Give m(p).
-5
Let d be 10 + (0 - (1 + -3)). Let x be (-13)/(-5) - d/(-30). Let p be (0 - 0)*(x + -4).